{"id":639,"date":"2023-01-19T11:38:02","date_gmt":"2023-01-19T11:38:02","guid":{"rendered":"http:\/\/cristinagarciabeauty.es\/?page_id=639"},"modified":"2026-04-16T14:18:20","modified_gmt":"2026-04-16T14:18:20","slug":"pagina-de-inicio","status":"publish","type":"page","link":"https:\/\/cristinagarciabeauty.es\/","title":{"rendered":"Cristina Garc\u00eda Beauty Studio"},"content":{"rendered":"\t\t<div data-elementor-type=\"wp-page\" data-elementor-id=\"639\" class=\"elementor elementor-639\">\n\t\t\t\t<div class=\"elementor-element elementor-element-adf840e e-con-full e-flex e-con e-parent\" data-id=\"adf840e\" data-element_type=\"container\" data-e-type=\"container\">\n\t\t\t\t<div class=\"elementor-element elementor-element-c60ad71 elementor-widget__width-initial elementor-widget-tablet__width-initial elementor-widget elementor-widget-image\" data-id=\"c60ad71\" data-element_type=\"widget\" data-e-type=\"widget\" data-widget_type=\"image.default\">\n\t\t\t\t<div class=\"elementor-widget-container\">\n\t\t\t\t\t\t\t\t\t\t\t\t\t\t\t<img decoding=\"async\" width=\"300\" height=\"115\" src=\"https:\/\/cristinagarciabeauty.es\/wp-content\/uploads\/2025\/07\/LOGO-FONDO-NEGRO44-300x115.png\" class=\"attachment-medium size-medium wp-image-1482\" alt=\"logo CRISTINA GARCIA BEAUTY STUDIO\" srcset=\"https:\/\/cristinagarciabeauty.es\/wp-content\/uploads\/2025\/07\/LOGO-FONDO-NEGRO44-300x115.png 300w, https:\/\/cristinagarciabeauty.es\/wp-content\/uploads\/2025\/07\/LOGO-FONDO-NEGRO44.png 758w\" sizes=\"(max-width: 300px) 100vw, 300px\" \/>\t\t\t\t\t\t\t\t\t\t\t\t\t\t\t<\/div>\n\t\t\t\t<\/div>\n\t\t\t\t<div class=\"elementor-element elementor-element-3af5c1e elementor-widget__width-initial elementor-widget-tablet__width-initial elementor-invisible elementor-widget elementor-widget-heading\" data-id=\"3af5c1e\" data-element_type=\"widget\" data-e-type=\"widget\" data-settings=\"{&quot;_animation&quot;:&quot;fadeInLeft&quot;}\" data-widget_type=\"heading.default\">\n\t\t\t\t<div class=\"elementor-widget-container\">\n\t\t\t\t\t<h2 class=\"elementor-heading-title elementor-size-default\">Tu belleza mi especialidad<\/h2>\t\t\t\t<\/div>\n\t\t\t\t<\/div>\n\t\t\t\t<\/div>\n\t\t\t\t<\/div>\n\t\t","protected":false},"excerpt":{"rendered":"<p>Maquilladora Profesional, Maquillaje de Novia en Valencia, Cursos de Maquillaje y Automaquillaje, Maquillaje a domicilio, Micropigmentaci\u00f3n de cejas, labios y eye liner.<\/p>\n","protected":false},"author":1,"featured_media":1098,"parent":0,"menu_order":1,"comment_status":"closed","ping_status":"closed","template":"","meta":{"footnotes":""},"class_list":["post-639","page","type-page","status-publish","has-post-thumbnail","hentry"],"yoast_head":"<!-- This site is optimized with the Yoast SEO plugin v27.4 - https:\/\/yoast.com\/product\/yoast-seo-wordpress\/ -->\n<title>Cristina Garc\u00eda Beauty Studio | Cristina Garc\u00eda BEAUTY STUDIO<\/title>\n<meta name=\"description\" content=\"Micropigmentaci\u00f3n de cejas labios, eyeliner, Maquillaje Profesional en Valencia, Maquillaje de novias con Cristina Garcia Beauty Studio.\" \/>\n<meta name=\"robots\" content=\"index, follow, max-snippet:-1, max-image-preview:large, max-video-preview:-1\" \/>\n<link rel=\"canonical\" href=\"https:\/\/cristinagarciabeauty.es\/\" \/>\n<meta property=\"og:locale\" content=\"es_ES\" \/>\n<meta property=\"og:type\" content=\"article\" \/>\n<meta property=\"og:title\" content=\"Cristina Garc\u00eda Beauty Studio | Cristina Garc\u00eda BEAUTY STUDIO\" \/>\n<meta property=\"og:description\" content=\"Micropigmentaci\u00f3n de cejas labios, eyeliner, Maquillaje Profesional en Valencia, Maquillaje de novias con Cristina Garcia Beauty Studio.\" \/>\n<meta property=\"og:url\" content=\"https:\/\/cristinagarciabeauty.es\/\" \/>\n<meta property=\"og:site_name\" content=\"Cristina Garc\u00eda BEAUTY STUDIO\" \/>\n<meta property=\"article:modified_time\" content=\"2026-04-16T14:18:20+00:00\" \/>\n<meta property=\"og:image\" content=\"https:\/\/cristinagarciabeauty.es\/wp-content\/uploads\/2024\/01\/cropped-LOGO-CRIS-BEAUTY-MICRO-e1705351270214.png\" \/>\n\t<meta property=\"og:image:width\" content=\"352\" \/>\n\t<meta property=\"og:image:height\" content=\"253\" \/>\n\t<meta property=\"og:image:type\" content=\"image\/png\" \/>\n<meta name=\"twitter:card\" content=\"summary_large_image\" \/>\n<meta name=\"twitter:label1\" content=\"Tiempo de lectura\" \/>\n\t<meta name=\"twitter:data1\" content=\"1 minuto\" \/>\n<script type=\"application\/ld+json\" class=\"yoast-schema-graph\">{\"@context\":\"https:\\\/\\\/schema.org\",\"@graph\":[{\"@type\":\"WebPage\",\"@id\":\"https:\\\/\\\/cristinagarciabeauty.es\\\/\",\"url\":\"https:\\\/\\\/cristinagarciabeauty.es\\\/\",\"name\":\"Cristina Garc\u00eda Beauty Studio | Cristina Garc\u00eda BEAUTY STUDIO\",\"isPartOf\":{\"@id\":\"https:\\\/\\\/cristinagarciabeauty.es\\\/#website\"},\"primaryImageOfPage\":{\"@id\":\"https:\\\/\\\/cristinagarciabeauty.es\\\/#primaryimage\"},\"image\":{\"@id\":\"https:\\\/\\\/cristinagarciabeauty.es\\\/#primaryimage\"},\"thumbnailUrl\":\"https:\\\/\\\/cristinagarciabeauty.es\\\/wp-content\\\/uploads\\\/2024\\\/01\\\/LOGO-CRIS-BEAUTY-MICRO-e1705351270214.png\",\"datePublished\":\"2023-01-19T11:38:02+00:00\",\"dateModified\":\"2026-04-16T14:18:20+00:00\",\"description\":\"Micropigmentaci\u00f3n de cejas labios, eyeliner, Maquillaje Profesional en Valencia, Maquillaje de novias con Cristina Garcia Beauty Studio.\",\"breadcrumb\":{\"@id\":\"https:\\\/\\\/cristinagarciabeauty.es\\\/#breadcrumb\"},\"inLanguage\":\"es\",\"potentialAction\":[{\"@type\":\"ReadAction\",\"target\":[\"https:\\\/\\\/cristinagarciabeauty.es\\\/\"]}]},{\"@type\":\"ImageObject\",\"inLanguage\":\"es\",\"@id\":\"https:\\\/\\\/cristinagarciabeauty.es\\\/#primaryimage\",\"url\":\"https:\\\/\\\/cristinagarciabeauty.es\\\/wp-content\\\/uploads\\\/2024\\\/01\\\/LOGO-CRIS-BEAUTY-MICRO-e1705351270214.png\",\"contentUrl\":\"https:\\\/\\\/cristinagarciabeauty.es\\\/wp-content\\\/uploads\\\/2024\\\/01\\\/LOGO-CRIS-BEAUTY-MICRO-e1705351270214.png\",\"width\":352,\"height\":269,\"caption\":\"Cristina Garcia Beauty\"},{\"@type\":\"BreadcrumbList\",\"@id\":\"https:\\\/\\\/cristinagarciabeauty.es\\\/#breadcrumb\",\"itemListElement\":[{\"@type\":\"ListItem\",\"position\":1,\"name\":\"Portada\",\"item\":\"https:\\\/\\\/cristinagarciabeauty.es\\\/\"},{\"@type\":\"ListItem\",\"position\":2,\"name\":\"Cristina Garc\u00eda Beauty Studio\"}]},{\"@type\":\"WebSite\",\"@id\":\"https:\\\/\\\/cristinagarciabeauty.es\\\/#website\",\"url\":\"https:\\\/\\\/cristinagarciabeauty.es\\\/\",\"name\":\"Cristina Garc\u00eda BEAUTY STUDIO\",\"description\":\"Maquillaje Profesional en Valencia, Maquillaje y peinados de novias e invitadas, Micropigmentaci\u00f3n de cejas labios y eye liner en Valencia\",\"publisher\":{\"@id\":\"https:\\\/\\\/cristinagarciabeauty.es\\\/#\\\/schema\\\/person\\\/fa15d7a15b93f1a0409ec4f3608432c8\"},\"alternateName\":\"Cristina Garcia BEAUTY\",\"potentialAction\":[{\"@type\":\"SearchAction\",\"target\":{\"@type\":\"EntryPoint\",\"urlTemplate\":\"https:\\\/\\\/cristinagarciabeauty.es\\\/?s={search_term_string}\"},\"query-input\":{\"@type\":\"PropertyValueSpecification\",\"valueRequired\":true,\"valueName\":\"search_term_string\"}}],\"inLanguage\":\"es\"},{\"@type\":[\"Person\",\"Organization\"],\"@id\":\"https:\\\/\\\/cristinagarciabeauty.es\\\/#\\\/schema\\\/person\\\/fa15d7a15b93f1a0409ec4f3608432c8\",\"name\":\"admin\",\"image\":{\"@type\":\"ImageObject\",\"inLanguage\":\"es\",\"@id\":\"https:\\\/\\\/cristinagarciabeauty.es\\\/wp-content\\\/uploads\\\/2024\\\/01\\\/cropped-LOGO-CRIS-BEAUTY-MICRO-e1705351270214.png\",\"url\":\"https:\\\/\\\/cristinagarciabeauty.es\\\/wp-content\\\/uploads\\\/2024\\\/01\\\/cropped-LOGO-CRIS-BEAUTY-MICRO-e1705351270214.png\",\"contentUrl\":\"https:\\\/\\\/cristinagarciabeauty.es\\\/wp-content\\\/uploads\\\/2024\\\/01\\\/cropped-LOGO-CRIS-BEAUTY-MICRO-e1705351270214.png\",\"width\":352,\"height\":253,\"caption\":\"admin\"},\"logo\":{\"@id\":\"https:\\\/\\\/cristinagarciabeauty.es\\\/wp-content\\\/uploads\\\/2024\\\/01\\\/cropped-LOGO-CRIS-BEAUTY-MICRO-e1705351270214.png\"},\"sameAs\":[\"http:\\\/\\\/cristinagarciabeauty.es\"]}]}<\/script>\n<!-- \/ Yoast SEO plugin. -->","yoast_head_json":{"title":"Cristina Garc\u00eda Beauty Studio | Cristina Garc\u00eda BEAUTY STUDIO","description":"Micropigmentaci\u00f3n de cejas labios, eyeliner, Maquillaje Profesional en Valencia, Maquillaje de novias con Cristina Garcia Beauty Studio.","robots":{"index":"index","follow":"follow","max-snippet":"max-snippet:-1","max-image-preview":"max-image-preview:large","max-video-preview":"max-video-preview:-1"},"canonical":"https:\/\/cristinagarciabeauty.es\/","og_locale":"es_ES","og_type":"article","og_title":"Cristina Garc\u00eda Beauty Studio | Cristina Garc\u00eda BEAUTY STUDIO","og_description":"Micropigmentaci\u00f3n de cejas labios, eyeliner, Maquillaje Profesional en Valencia, Maquillaje de novias con Cristina Garcia Beauty Studio.","og_url":"https:\/\/cristinagarciabeauty.es\/","og_site_name":"Cristina Garc\u00eda BEAUTY STUDIO","article_modified_time":"2026-04-16T14:18:20+00:00","og_image":[{"width":352,"height":253,"url":"https:\/\/cristinagarciabeauty.es\/wp-content\/uploads\/2024\/01\/cropped-LOGO-CRIS-BEAUTY-MICRO-e1705351270214.png","type":"image\/png"}],"twitter_card":"summary_large_image","twitter_misc":{"Tiempo de lectura":"1 minuto"},"schema":{"@context":"https:\/\/schema.org","@graph":[{"@type":"WebPage","@id":"https:\/\/cristinagarciabeauty.es\/","url":"https:\/\/cristinagarciabeauty.es\/","name":"Cristina Garc\u00eda Beauty Studio | Cristina Garc\u00eda BEAUTY STUDIO","isPartOf":{"@id":"https:\/\/cristinagarciabeauty.es\/#website"},"primaryImageOfPage":{"@id":"https:\/\/cristinagarciabeauty.es\/#primaryimage"},"image":{"@id":"https:\/\/cristinagarciabeauty.es\/#primaryimage"},"thumbnailUrl":"https:\/\/cristinagarciabeauty.es\/wp-content\/uploads\/2024\/01\/LOGO-CRIS-BEAUTY-MICRO-e1705351270214.png","datePublished":"2023-01-19T11:38:02+00:00","dateModified":"2026-04-16T14:18:20+00:00","description":"Micropigmentaci\u00f3n de cejas labios, eyeliner, Maquillaje Profesional en Valencia, Maquillaje de novias con Cristina Garcia Beauty Studio.","breadcrumb":{"@id":"https:\/\/cristinagarciabeauty.es\/#breadcrumb"},"inLanguage":"es","potentialAction":[{"@type":"ReadAction","target":["https:\/\/cristinagarciabeauty.es\/"]}]},{"@type":"ImageObject","inLanguage":"es","@id":"https:\/\/cristinagarciabeauty.es\/#primaryimage","url":"https:\/\/cristinagarciabeauty.es\/wp-content\/uploads\/2024\/01\/LOGO-CRIS-BEAUTY-MICRO-e1705351270214.png","contentUrl":"https:\/\/cristinagarciabeauty.es\/wp-content\/uploads\/2024\/01\/LOGO-CRIS-BEAUTY-MICRO-e1705351270214.png","width":352,"height":269,"caption":"Cristina Garcia Beauty"},{"@type":"BreadcrumbList","@id":"https:\/\/cristinagarciabeauty.es\/#breadcrumb","itemListElement":[{"@type":"ListItem","position":1,"name":"Portada","item":"https:\/\/cristinagarciabeauty.es\/"},{"@type":"ListItem","position":2,"name":"Cristina Garc\u00eda Beauty Studio"}]},{"@type":"WebSite","@id":"https:\/\/cristinagarciabeauty.es\/#website","url":"https:\/\/cristinagarciabeauty.es\/","name":"Cristina Garc\u00eda BEAUTY STUDIO","description":"Maquillaje Profesional en Valencia, Maquillaje y peinados de novias e invitadas, Micropigmentaci\u00f3n de cejas labios y eye liner en Valencia","publisher":{"@id":"https:\/\/cristinagarciabeauty.es\/#\/schema\/person\/fa15d7a15b93f1a0409ec4f3608432c8"},"alternateName":"Cristina Garcia BEAUTY","potentialAction":[{"@type":"SearchAction","target":{"@type":"EntryPoint","urlTemplate":"https:\/\/cristinagarciabeauty.es\/?s={search_term_string}"},"query-input":{"@type":"PropertyValueSpecification","valueRequired":true,"valueName":"search_term_string"}}],"inLanguage":"es"},{"@type":["Person","Organization"],"@id":"https:\/\/cristinagarciabeauty.es\/#\/schema\/person\/fa15d7a15b93f1a0409ec4f3608432c8","name":"admin","image":{"@type":"ImageObject","inLanguage":"es","@id":"https:\/\/cristinagarciabeauty.es\/wp-content\/uploads\/2024\/01\/cropped-LOGO-CRIS-BEAUTY-MICRO-e1705351270214.png","url":"https:\/\/cristinagarciabeauty.es\/wp-content\/uploads\/2024\/01\/cropped-LOGO-CRIS-BEAUTY-MICRO-e1705351270214.png","contentUrl":"https:\/\/cristinagarciabeauty.es\/wp-content\/uploads\/2024\/01\/cropped-LOGO-CRIS-BEAUTY-MICRO-e1705351270214.png","width":352,"height":253,"caption":"admin"},"logo":{"@id":"https:\/\/cristinagarciabeauty.es\/wp-content\/uploads\/2024\/01\/cropped-LOGO-CRIS-BEAUTY-MICRO-e1705351270214.png"},"sameAs":["http:\/\/cristinagarciabeauty.es"]}]}},"_links":{"self":[{"href":"https:\/\/cristinagarciabeauty.es\/index.php\/wp-json\/wp\/v2\/pages\/639","targetHints":{"allow":["GET"]}}],"collection":[{"href":"https:\/\/cristinagarciabeauty.es\/index.php\/wp-json\/wp\/v2\/pages"}],"about":[{"href":"https:\/\/cristinagarciabeauty.es\/index.php\/wp-json\/wp\/v2\/types\/page"}],"author":[{"embeddable":true,"href":"https:\/\/cristinagarciabeauty.es\/index.php\/wp-json\/wp\/v2\/users\/1"}],"replies":[{"embeddable":true,"href":"https:\/\/cristinagarciabeauty.es\/index.php\/wp-json\/wp\/v2\/comments?post=639"}],"version-history":[{"count":49,"href":"https:\/\/cristinagarciabeauty.es\/index.php\/wp-json\/wp\/v2\/pages\/639\/revisions"}],"predecessor-version":[{"id":83676,"href":"https:\/\/cristinagarciabeauty.es\/index.php\/wp-json\/wp\/v2\/pages\/639\/revisions\/83676"}],"wp:featuredmedia":[{"embeddable":true,"href":"https:\/\/cristinagarciabeauty.es\/index.php\/wp-json\/wp\/v2\/media\/1098"}],"wp:attachment":[{"href":"https:\/\/cristinagarciabeauty.es\/index.php\/wp-json\/wp\/v2\/media?parent=639"}],"curies":[{"name":"wp","href":"https:\/\/api.w.org\/{rel}","templated":true}]}}