{"id":3749,"date":"2019-06-04T12:43:23","date_gmt":"2019-06-04T10:43:23","guid":{"rendered":"https:\/\/www.glossmakeupschool.com\/?page_id=3749"},"modified":"2026-04-14T21:54:22","modified_gmt":"2026-04-14T21:54:22","slug":"clase-de-automaquillaje","status":"publish","type":"page","link":"https:\/\/cristinagarciabeauty.es\/index.php\/clase-de-automaquillaje\/","title":{"rendered":"Clase de Automaquillaje Grupal"},"content":{"rendered":"\t\t<div data-elementor-type=\"wp-post\" data-elementor-id=\"3749\" class=\"elementor elementor-3749\">\n\t\t\t\t<div class=\"elementor-element elementor-element-d41d789 e-flex e-con-boxed e-con e-parent\" data-id=\"d41d789\" data-element_type=\"container\" data-e-type=\"container\" data-settings=\"{&quot;background_background&quot;:&quot;classic&quot;}\">\n\t\t\t\t\t<div class=\"e-con-inner\">\n\t\t<div class=\"elementor-element elementor-element-80cfe05 e-con-full e-flex e-con e-child\" data-id=\"80cfe05\" data-element_type=\"container\" data-e-type=\"container\">\n\t\t\t\t<div class=\"elementor-element elementor-element-e1eaee3 elementor-widget elementor-widget-image\" data-id=\"e1eaee3\" data-element_type=\"widget\" data-e-type=\"widget\" data-widget_type=\"image.default\">\n\t\t\t\t<div class=\"elementor-widget-container\">\n\t\t\t\t\t\t\t\t\t\t\t\t\t\t\t<img fetchpriority=\"high\" decoding=\"async\" width=\"600\" height=\"900\" src=\"https:\/\/cristinagarciabeauty.es\/wp-content\/uploads\/2026\/03\/curso-de-automaquillaje-grupal-e1773516836871.png\" class=\"attachment-large size-large wp-image-81379\" alt=\"Curso de Automaquillaje GRupal de Cristina Garcia BEAUTY\" srcset=\"https:\/\/cristinagarciabeauty.es\/wp-content\/uploads\/2026\/03\/curso-de-automaquillaje-grupal-e1773516836871.png 600w, https:\/\/cristinagarciabeauty.es\/wp-content\/uploads\/2026\/03\/curso-de-automaquillaje-grupal-e1773516836871-200x300.png 200w\" sizes=\"(max-width: 600px) 100vw, 600px\" \/>\t\t\t\t\t\t\t\t\t\t\t\t\t\t\t<\/div>\n\t\t\t\t<\/div>\n\t\t\t\t<\/div>\n\t\t<div class=\"elementor-element elementor-element-d271ffb e-con-full e-flex e-con e-child\" data-id=\"d271ffb\" data-element_type=\"container\" data-e-type=\"container\">\n\t\t\t\t<div class=\"elementor-element elementor-element-31a5d61 elementor-widget__width-initial elementor-widget elementor-widget-heading\" data-id=\"31a5d61\" data-element_type=\"widget\" data-e-type=\"widget\" data-widget_type=\"heading.default\">\n\t\t\t\t<div class=\"elementor-widget-container\">\n\t\t\t\t\t<h1 class=\"elementor-heading-title elementor-size-default\">Clase de Automaquillaje Grupal<\/h1>\t\t\t\t<\/div>\n\t\t\t\t<\/div>\n\t\t\t\t<div class=\"elementor-element elementor-element-96ff4d5 elementor-widget-mobile__width-initial elementor-widget elementor-widget-heading\" data-id=\"96ff4d5\" data-element_type=\"widget\" data-e-type=\"widget\" data-widget_type=\"heading.default\">\n\t\t\t\t<div class=\"elementor-widget-container\">\n\t\t\t\t\t<h3 class=\"elementor-heading-title elementor-size-default\">APRENDE A MAQUILLARTE EN GRUPO<\/h3>\t\t\t\t<\/div>\n\t\t\t\t<\/div>\n\t\t\t\t<div class=\"elementor-element elementor-element-6a7f5e7 elementor-widget__width-initial elementor-widget elementor-widget-text-editor\" data-id=\"6a7f5e7\" data-element_type=\"widget\" data-e-type=\"widget\" data-widget_type=\"text-editor.default\">\n\t\t\t\t<div class=\"elementor-widget-container\">\n\t\t\t\t\t\t\t\t\t<p>\u00bfTe gustar\u00eda aprender a maquillarte como una profesional? \u00bfQuieres conocer los trucos y t\u00e9cnicas que usan las expertas? \u00bfTe gustar\u00eda mejorar tu imagen personal y sentirte m\u00e1s segura de ti misma? Si la respuesta es s\u00ed, entonces este curso de automaquillaje de unas 3 horas de duraci\u00f3n es para ti. En este curso, aprender\u00e1s a elegir los productos adecuados para tu tipo de piel, a aplicarlos correctamente y a crear diferentes looks seg\u00fan la ocasi\u00f3n..<\/p><p>**Grupos, los grupos para las clases que organizo\u00a0 normalmente son de 3-4 personas, pero t\u00fa tambi\u00e9n puedes hacer los grupos que necesites de hasta 12 personas donde podr\u00e9is disfrutar de un cumplea\u00f1os, despedida de solteras o eventos..<\/p>\t\t\t\t\t\t\t\t<\/div>\n\t\t\t\t<\/div>\n\t\t\t\t<div class=\"elementor-element elementor-element-fc7e69c elementor-widget__width-initial elementor-widget elementor-widget-image\" data-id=\"fc7e69c\" data-element_type=\"widget\" data-e-type=\"widget\" data-widget_type=\"image.default\">\n\t\t\t\t<div class=\"elementor-widget-container\">\n\t\t\t\t\t\t\t\t\t\t\t\t\t\t\t<img decoding=\"async\" width=\"600\" height=\"325\" src=\"https:\/\/cristinagarciabeauty.es\/wp-content\/uploads\/2026\/03\/CRISTINA-BEAUTY-e1775040134456.png\" class=\"attachment-large size-large wp-image-81807\" alt=\"CRISTINA GARCIA BEAUTY-LOGO\" \/>\t\t\t\t\t\t\t\t\t\t\t\t\t\t\t<\/div>\n\t\t\t\t<\/div>\n\t\t\t\t<\/div>\n\t\t<div class=\"elementor-element elementor-element-a845dcb e-con-full e-flex e-con e-child\" data-id=\"a845dcb\" data-element_type=\"container\" data-e-type=\"container\" data-settings=\"{&quot;background_background&quot;:&quot;classic&quot;}\">\n\t\t\t\t<div class=\"elementor-element elementor-element-4ca5746 elementor-widget elementor-widget-heading\" data-id=\"4ca5746\" data-element_type=\"widget\" data-e-type=\"widget\" data-widget_type=\"heading.default\">\n\t\t\t\t<div class=\"elementor-widget-container\">\n\t\t\t\t\t<h3 class=\"elementor-heading-title elementor-size-default\">Cuestiones y preguntas<\/h3>\t\t\t\t<\/div>\n\t\t\t\t<\/div>\n\t\t\t\t<div class=\"elementor-element elementor-element-36d4e4e elementor-widget__width-initial elementor-widget elementor-widget-eael-adv-accordion\" data-id=\"36d4e4e\" data-element_type=\"widget\" data-e-type=\"widget\" data-widget_type=\"eael-adv-accordion.default\">\n\t\t\t\t<div class=\"elementor-widget-container\">\n\t\t\t\t\t            <div class=\"eael-adv-accordion\" id=\"eael-adv-accordion-36d4e4e\" data-scroll-on-click=\"no\" data-scroll-speed=\"300\" data-accordion-id=\"36d4e4e\" data-accordion-type=\"accordion\" data-toogle-speed=\"300\">\n            <div class=\"eael-accordion-list\">\n\t\t\t\t\t<div id=\"que-aprenderas\" class=\"elementor-tab-title eael-accordion-header\" tabindex=\"0\" data-tab=\"1\" aria-controls=\"elementor-tab-content-5741\"><span class=\"eael-advanced-accordion-icon-closed\"><svg aria-hidden=\"true\" class=\"fa-accordion-icon e-font-icon-svg e-fas-plus\" viewBox=\"0 0 448 512\" xmlns=\"http:\/\/www.w3.org\/2000\/svg\"><path d=\"M416 208H272V64c0-17.67-14.33-32-32-32h-32c-17.67 0-32 14.33-32 32v144H32c-17.67 0-32 14.33-32 32v32c0 17.67 14.33 32 32 32h144v144c0 17.67 14.33 32 32 32h32c17.67 0 32-14.33 32-32V304h144c17.67 0 32-14.33 32-32v-32c0-17.67-14.33-32-32-32z\"><\/path><\/svg><\/span><span class=\"eael-advanced-accordion-icon-opened\"><svg aria-hidden=\"true\" class=\"fa-accordion-icon e-font-icon-svg e-fas-minus\" viewBox=\"0 0 448 512\" xmlns=\"http:\/\/www.w3.org\/2000\/svg\"><path d=\"M416 208H32c-17.67 0-32 14.33-32 32v32c0 17.67 14.33 32 32 32h384c17.67 0 32-14.33 32-32v-32c0-17.67-14.33-32-32-32z\"><\/path><\/svg><\/span><span class=\"eael-accordion-tab-title\">\u00bfQUE APRENDERAS?<\/span><svg aria-hidden=\"true\" class=\"fa-toggle e-font-icon-svg e-fas-angle-right\" viewBox=\"0 0 256 512\" xmlns=\"http:\/\/www.w3.org\/2000\/svg\"><path d=\"M224.3 273l-136 136c-9.4 9.4-24.6 9.4-33.9 0l-22.6-22.6c-9.4-9.4-9.4-24.6 0-33.9l96.4-96.4-96.4-96.4c-9.4-9.4-9.4-24.6 0-33.9L54.3 103c9.4-9.4 24.6-9.4 33.9 0l136 136c9.5 9.4 9.5 24.6.1 34z\"><\/path><\/svg><\/div><div id=\"elementor-tab-content-5741\" class=\"eael-accordion-content clearfix\" data-tab=\"1\" aria-labelledby=\"que-aprenderas\"><ul><li>Aprende a definir tu estilo en el maquillaje<\/li><li>Descubre cu\u00e1les son los acabados y las texturas que m\u00e1s se adaptan a tu necesidad.<\/li><li>Conoce las posibilidades infinitas que tiene el color<\/li><li>Descubre el potencial del maquillaje para lograr un estilismo sublime<\/li><li>Aprende a crear looks para tu d\u00eda a d\u00eda con acabado profesional.<\/li><li>Descubre de forma personalizada tu fondo de armario beauty<\/li><li>Trae tus productos y te ense\u00f1amos a usarlos.<\/li><\/ul><\/div>\n\t\t\t\t\t<\/div><div class=\"eael-accordion-list\">\n\t\t\t\t\t<div id=\"que-incluye\" class=\"elementor-tab-title eael-accordion-header\" tabindex=\"0\" data-tab=\"2\" aria-controls=\"elementor-tab-content-5742\"><span class=\"eael-advanced-accordion-icon-closed\"><svg aria-hidden=\"true\" class=\"fa-accordion-icon e-font-icon-svg e-fas-plus\" viewBox=\"0 0 448 512\" xmlns=\"http:\/\/www.w3.org\/2000\/svg\"><path d=\"M416 208H272V64c0-17.67-14.33-32-32-32h-32c-17.67 0-32 14.33-32 32v144H32c-17.67 0-32 14.33-32 32v32c0 17.67 14.33 32 32 32h144v144c0 17.67 14.33 32 32 32h32c17.67 0 32-14.33 32-32V304h144c17.67 0 32-14.33 32-32v-32c0-17.67-14.33-32-32-32z\"><\/path><\/svg><\/span><span class=\"eael-advanced-accordion-icon-opened\"><svg aria-hidden=\"true\" class=\"fa-accordion-icon e-font-icon-svg e-fas-minus\" viewBox=\"0 0 448 512\" xmlns=\"http:\/\/www.w3.org\/2000\/svg\"><path d=\"M416 208H32c-17.67 0-32 14.33-32 32v32c0 17.67 14.33 32 32 32h384c17.67 0 32-14.33 32-32v-32c0-17.67-14.33-32-32-32z\"><\/path><\/svg><\/span><span class=\"eael-accordion-tab-title\">\u00bfQUE INCLUYE?<\/span><svg aria-hidden=\"true\" class=\"fa-toggle e-font-icon-svg e-fas-angle-right\" viewBox=\"0 0 256 512\" xmlns=\"http:\/\/www.w3.org\/2000\/svg\"><path d=\"M224.3 273l-136 136c-9.4 9.4-24.6 9.4-33.9 0l-22.6-22.6c-9.4-9.4-9.4-24.6 0-33.9l96.4-96.4-96.4-96.4c-9.4-9.4-9.4-24.6 0-33.9L54.3 103c9.4-9.4 24.6-9.4 33.9 0l136 136c9.5 9.4 9.5 24.6.1 34z\"><\/path><\/svg><\/div><div id=\"elementor-tab-content-5742\" class=\"eael-accordion-content clearfix\" data-tab=\"2\" aria-labelledby=\"que-incluye\"><ul><li>2.5horas de formaci\u00f3n presencial.<\/li><li>Dossier con informaci\u00f3n de productos b\u00e1sicos<\/li><li>Material, producto y pinceles para realizar las pr\u00e1cticas.<\/li><li>Asesoramiento personalizado<\/li><li>Creaci\u00f3n de un fondo de armario<\/li><\/ul><\/div>\n\t\t\t\t\t<\/div><div class=\"eael-accordion-list\">\n\t\t\t\t\t<div id=\"contenido\" class=\"elementor-tab-title eael-accordion-header\" tabindex=\"0\" data-tab=\"3\" aria-controls=\"elementor-tab-content-5743\"><span class=\"eael-advanced-accordion-icon-closed\"><svg aria-hidden=\"true\" class=\"fa-accordion-icon e-font-icon-svg e-fas-plus\" viewBox=\"0 0 448 512\" xmlns=\"http:\/\/www.w3.org\/2000\/svg\"><path d=\"M416 208H272V64c0-17.67-14.33-32-32-32h-32c-17.67 0-32 14.33-32 32v144H32c-17.67 0-32 14.33-32 32v32c0 17.67 14.33 32 32 32h144v144c0 17.67 14.33 32 32 32h32c17.67 0 32-14.33 32-32V304h144c17.67 0 32-14.33 32-32v-32c0-17.67-14.33-32-32-32z\"><\/path><\/svg><\/span><span class=\"eael-advanced-accordion-icon-opened\"><svg aria-hidden=\"true\" class=\"fa-accordion-icon e-font-icon-svg e-fas-minus\" viewBox=\"0 0 448 512\" xmlns=\"http:\/\/www.w3.org\/2000\/svg\"><path d=\"M416 208H32c-17.67 0-32 14.33-32 32v32c0 17.67 14.33 32 32 32h384c17.67 0 32-14.33 32-32v-32c0-17.67-14.33-32-32-32z\"><\/path><\/svg><\/span><span class=\"eael-accordion-tab-title\">CONTENIDO<\/span><svg aria-hidden=\"true\" class=\"fa-toggle e-font-icon-svg e-fas-angle-right\" viewBox=\"0 0 256 512\" xmlns=\"http:\/\/www.w3.org\/2000\/svg\"><path d=\"M224.3 273l-136 136c-9.4 9.4-24.6 9.4-33.9 0l-22.6-22.6c-9.4-9.4-9.4-24.6 0-33.9l96.4-96.4-96.4-96.4c-9.4-9.4-9.4-24.6 0-33.9L54.3 103c9.4-9.4 24.6-9.4 33.9 0l136 136c9.5 9.4 9.5 24.6.1 34z\"><\/path><\/svg><\/div><div id=\"elementor-tab-content-5743\" class=\"eael-accordion-content clearfix\" data-tab=\"3\" aria-labelledby=\"contenido\"><h6>TEMARIO<\/h6><ul><li>Diagn\u00f3stico y preparaci\u00f3n b\u00e1sica de piel.<\/li><li>Creaci\u00f3n de un pre maquillaje express glow en 15 min<\/li><li>Creaci\u00f3n de un maquillaje express en 15<\/li><li>Elecci\u00f3n de maquillaje y acabado.<\/li><li>Fijaci\u00f3n y larga duraci\u00f3n<\/li><li>Correcciones de piel.<\/li><li>Contorneado y creaci\u00f3n de vol\u00famenes para el rostro.<\/li><li>Adaptaci\u00f3n de la t\u00e9cnica de ojos, en funci\u00f3n del maquillaje seleccionado.<\/li><li>Creaci\u00f3n de distintos acabados e intensidades<\/li><\/ul><\/div>\n\t\t\t\t\t<\/div><div class=\"eael-accordion-list\">\n\t\t\t\t\t<div id=\"precio\" class=\"elementor-tab-title eael-accordion-header\" tabindex=\"0\" data-tab=\"4\" aria-controls=\"elementor-tab-content-5744\"><span class=\"eael-advanced-accordion-icon-closed\"><svg aria-hidden=\"true\" class=\"fa-accordion-icon e-font-icon-svg e-fas-plus\" viewBox=\"0 0 448 512\" xmlns=\"http:\/\/www.w3.org\/2000\/svg\"><path d=\"M416 208H272V64c0-17.67-14.33-32-32-32h-32c-17.67 0-32 14.33-32 32v144H32c-17.67 0-32 14.33-32 32v32c0 17.67 14.33 32 32 32h144v144c0 17.67 14.33 32 32 32h32c17.67 0 32-14.33 32-32V304h144c17.67 0 32-14.33 32-32v-32c0-17.67-14.33-32-32-32z\"><\/path><\/svg><\/span><span class=\"eael-advanced-accordion-icon-opened\"><svg aria-hidden=\"true\" class=\"fa-accordion-icon e-font-icon-svg e-fas-minus\" viewBox=\"0 0 448 512\" xmlns=\"http:\/\/www.w3.org\/2000\/svg\"><path d=\"M416 208H32c-17.67 0-32 14.33-32 32v32c0 17.67 14.33 32 32 32h384c17.67 0 32-14.33 32-32v-32c0-17.67-14.33-32-32-32z\"><\/path><\/svg><\/span><span class=\"eael-accordion-tab-title\">PRECIO<\/span><svg aria-hidden=\"true\" class=\"fa-toggle e-font-icon-svg e-fas-angle-right\" viewBox=\"0 0 256 512\" xmlns=\"http:\/\/www.w3.org\/2000\/svg\"><path d=\"M224.3 273l-136 136c-9.4 9.4-24.6 9.4-33.9 0l-22.6-22.6c-9.4-9.4-9.4-24.6 0-33.9l96.4-96.4-96.4-96.4c-9.4-9.4-9.4-24.6 0-33.9L54.3 103c9.4-9.4 24.6-9.4 33.9 0l136 136c9.5 9.4 9.5 24.6.1 34z\"><\/path><\/svg><\/div><div id=\"elementor-tab-content-5744\" class=\"eael-accordion-content clearfix\" data-tab=\"4\" aria-labelledby=\"precio\"><p>Precio: 60,00 euros por persona<br \/>*Los grupos se crear\u00e1n con un m\u00ednimo de 3 \u00f3 4 personas<br \/>Forma de pago: Efectivo, transferencia bancaria, desde la web.<\/p><\/div>\n\t\t\t\t\t<\/div><\/div>\t\t\t\t<\/div>\n\t\t\t\t<\/div>\n\t\t\t\t<div class=\"elementor-element elementor-element-90ab1ab elementor-widget__width-initial elementor-widget-tablet__width-initial elementor-widget-mobile__width-initial elementor-widget-tablet_extra__width-initial elementor-align-justify elementor-widget elementor-widget-button\" data-id=\"90ab1ab\" data-element_type=\"widget\" data-e-type=\"widget\" data-widget_type=\"button.default\">\n\t\t\t\t<div class=\"elementor-widget-container\">\n\t\t\t\t\t\t\t\t\t<div class=\"elementor-button-wrapper\">\n\t\t\t\t\t<a class=\"elementor-button elementor-button-link elementor-size-xs\" href=\"https:\/\/cristinagarciabeauty.es\/index.php\/clase-de-automaquillaje\/\">\n\t\t\t\t\t\t<span class=\"elementor-button-content-wrapper\">\n\t\t\t\t\t\t\t\t\t<span class=\"elementor-button-text\">COMPRAR CURSO<\/span>\n\t\t\t\t\t<\/span>\n\t\t\t\t\t<\/a>\n\t\t\t\t<\/div>\n\t\t\t\t\t\t\t\t<\/div>\n\t\t\t\t<\/div>\n\t\t\t\t<div class=\"elementor-element elementor-element-93895af elementor-widget__width-initial elementor-widget-tablet__width-initial elementor-widget-mobile__width-initial elementor-widget elementor-widget-image\" data-id=\"93895af\" data-element_type=\"widget\" data-e-type=\"widget\" data-widget_type=\"image.default\">\n\t\t\t\t<div class=\"elementor-widget-container\">\n\t\t\t\t\t\t\t\t\t\t\t\t\t\t\t<img decoding=\"async\" src=\"https:\/\/www.glossmakeupschool.com\/wp-content\/uploads\/2024\/06\/logo-512.png\" title=\"\" alt=\"Cristina Garcia BEAUTY\" loading=\"lazy\" \/>\t\t\t\t\t\t\t\t\t\t\t\t\t\t\t<\/div>\n\t\t\t\t<\/div>\n\t\t\t\t<\/div>\n\t\t\t\t\t<\/div>\n\t\t\t\t<\/div>\n\t\t\t\t<\/div>\n\t\t","protected":false},"excerpt":{"rendered":"<p>Clase de Automaquillaje Grupal con merienda especial para celebraciones. Curso de automaquillaje presencial en Valencia con Cristina Garcia BEAUTY.<\/p>\n","protected":false},"author":2,"featured_media":46313,"parent":0,"menu_order":3,"comment_status":"closed","ping_status":"closed","template":"","meta":{"footnotes":""},"class_list":["post-3749","page","type-page","status-publish","has-post-thumbnail","hentry"],"yoast_head":"<!-- This site is optimized with the Yoast SEO plugin v27.4 - https:\/\/yoast.com\/product\/yoast-seo-wordpress\/ -->\n<title>Clase de Automaquillaje de 3 horas<\/title>\n<meta name=\"description\" content=\"\u00danete o crea tu grupo para una clase de automaquillaje de tres horas. Aprende t\u00e9cnicas personalizadas y disfruta maquill\u00e1ndote en Valencia.\" \/>\n<meta name=\"robots\" content=\"index, follow, max-snippet:-1, max-image-preview:large, max-video-preview:-1\" \/>\n<link rel=\"canonical\" href=\"https:\/\/cristinagarciabeauty.es\/index.php\/clase-de-automaquillaje\/\" \/>\n<meta property=\"og:locale\" content=\"es_ES\" \/>\n<meta property=\"og:type\" content=\"article\" \/>\n<meta property=\"og:title\" content=\"Clase de Automaquillaje de 3 horas\" \/>\n<meta property=\"og:description\" content=\"\u00danete o crea tu grupo para una clase de automaquillaje de tres horas. Aprende t\u00e9cnicas personalizadas y disfruta maquill\u00e1ndote en Valencia.\" \/>\n<meta property=\"og:url\" content=\"https:\/\/cristinagarciabeauty.es\/index.php\/clase-de-automaquillaje\/\" \/>\n<meta property=\"og:site_name\" content=\"Cristina Garc\u00eda BEAUTY STUDIO\" \/>\n<meta property=\"article:modified_time\" content=\"2026-04-14T21:54:22+00:00\" \/>\n<meta property=\"og:image\" content=\"https:\/\/cristinagarciabeauty.es\/wp-content\/uploads\/2020\/09\/brunch-gloss3.jpg\" \/>\n\t<meta property=\"og:image:width\" content=\"581\" \/>\n\t<meta property=\"og:image:height\" content=\"810\" \/>\n\t<meta property=\"og:image:type\" content=\"image\/jpeg\" \/>\n<meta name=\"twitter:card\" content=\"summary_large_image\" \/>\n<meta name=\"twitter:label1\" content=\"Tiempo de lectura\" \/>\n\t<meta name=\"twitter:data1\" content=\"3 minutos\" \/>\n<script type=\"application\/ld+json\" class=\"yoast-schema-graph\">{\"@context\":\"https:\\\/\\\/schema.org\",\"@graph\":[{\"@type\":\"WebPage\",\"@id\":\"https:\\\/\\\/cristinagarciabeauty.es\\\/index.php\\\/clase-de-automaquillaje\\\/\",\"url\":\"https:\\\/\\\/cristinagarciabeauty.es\\\/index.php\\\/clase-de-automaquillaje\\\/\",\"name\":\"Clase de Automaquillaje de 3 horas\",\"isPartOf\":{\"@id\":\"https:\\\/\\\/cristinagarciabeauty.es\\\/#website\"},\"primaryImageOfPage\":{\"@id\":\"https:\\\/\\\/cristinagarciabeauty.es\\\/index.php\\\/clase-de-automaquillaje\\\/#primaryimage\"},\"image\":{\"@id\":\"https:\\\/\\\/cristinagarciabeauty.es\\\/index.php\\\/clase-de-automaquillaje\\\/#primaryimage\"},\"thumbnailUrl\":\"https:\\\/\\\/cristinagarciabeauty.es\\\/wp-content\\\/uploads\\\/2020\\\/09\\\/brunch-gloss3.jpg\",\"datePublished\":\"2019-06-04T10:43:23+00:00\",\"dateModified\":\"2026-04-14T21:54:22+00:00\",\"description\":\"\u00danete o crea tu grupo para una clase de automaquillaje de tres horas. Aprende t\u00e9cnicas personalizadas y disfruta maquill\u00e1ndote en Valencia.\",\"breadcrumb\":{\"@id\":\"https:\\\/\\\/cristinagarciabeauty.es\\\/index.php\\\/clase-de-automaquillaje\\\/#breadcrumb\"},\"inLanguage\":\"es\",\"potentialAction\":[{\"@type\":\"ReadAction\",\"target\":[\"https:\\\/\\\/cristinagarciabeauty.es\\\/index.php\\\/clase-de-automaquillaje\\\/\"]}]},{\"@type\":\"ImageObject\",\"inLanguage\":\"es\",\"@id\":\"https:\\\/\\\/cristinagarciabeauty.es\\\/index.php\\\/clase-de-automaquillaje\\\/#primaryimage\",\"url\":\"https:\\\/\\\/cristinagarciabeauty.es\\\/wp-content\\\/uploads\\\/2020\\\/09\\\/brunch-gloss3.jpg\",\"contentUrl\":\"https:\\\/\\\/cristinagarciabeauty.es\\\/wp-content\\\/uploads\\\/2020\\\/09\\\/brunch-gloss3.jpg\",\"width\":581,\"height\":810,\"caption\":\"AUTOMAQUILLAJE-CRISTINA GARCIA BEAUTY\"},{\"@type\":\"BreadcrumbList\",\"@id\":\"https:\\\/\\\/cristinagarciabeauty.es\\\/index.php\\\/clase-de-automaquillaje\\\/#breadcrumb\",\"itemListElement\":[{\"@type\":\"ListItem\",\"position\":1,\"name\":\"Portada\",\"item\":\"https:\\\/\\\/cristinagarciabeauty.es\\\/\"},{\"@type\":\"ListItem\",\"position\":2,\"name\":\"Clase de Automaquillaje Grupal\"}]},{\"@type\":\"WebSite\",\"@id\":\"https:\\\/\\\/cristinagarciabeauty.es\\\/#website\",\"url\":\"https:\\\/\\\/cristinagarciabeauty.es\\\/\",\"name\":\"Cristina Garc\u00eda BEAUTY STUDIO\",\"description\":\"Maquillaje Profesional en Valencia, Maquillaje y peinados de novias e invitadas, Micropigmentaci\u00f3n de cejas labios y eye liner en Valencia\",\"publisher\":{\"@id\":\"https:\\\/\\\/cristinagarciabeauty.es\\\/#\\\/schema\\\/person\\\/fa15d7a15b93f1a0409ec4f3608432c8\"},\"alternateName\":\"Cristina Garcia BEAUTY\",\"potentialAction\":[{\"@type\":\"SearchAction\",\"target\":{\"@type\":\"EntryPoint\",\"urlTemplate\":\"https:\\\/\\\/cristinagarciabeauty.es\\\/?s={search_term_string}\"},\"query-input\":{\"@type\":\"PropertyValueSpecification\",\"valueRequired\":true,\"valueName\":\"search_term_string\"}}],\"inLanguage\":\"es\"},{\"@type\":[\"Person\",\"Organization\"],\"@id\":\"https:\\\/\\\/cristinagarciabeauty.es\\\/#\\\/schema\\\/person\\\/fa15d7a15b93f1a0409ec4f3608432c8\",\"name\":\"admin\",\"image\":{\"@type\":\"ImageObject\",\"inLanguage\":\"es\",\"@id\":\"https:\\\/\\\/cristinagarciabeauty.es\\\/wp-content\\\/uploads\\\/2024\\\/01\\\/cropped-LOGO-CRIS-BEAUTY-MICRO-e1705351270214.png\",\"url\":\"https:\\\/\\\/cristinagarciabeauty.es\\\/wp-content\\\/uploads\\\/2024\\\/01\\\/cropped-LOGO-CRIS-BEAUTY-MICRO-e1705351270214.png\",\"contentUrl\":\"https:\\\/\\\/cristinagarciabeauty.es\\\/wp-content\\\/uploads\\\/2024\\\/01\\\/cropped-LOGO-CRIS-BEAUTY-MICRO-e1705351270214.png\",\"width\":352,\"height\":253,\"caption\":\"admin\"},\"logo\":{\"@id\":\"https:\\\/\\\/cristinagarciabeauty.es\\\/wp-content\\\/uploads\\\/2024\\\/01\\\/cropped-LOGO-CRIS-BEAUTY-MICRO-e1705351270214.png\"},\"sameAs\":[\"http:\\\/\\\/cristinagarciabeauty.es\"]}]}<\/script>\n<!-- \/ Yoast SEO plugin. -->","yoast_head_json":{"title":"Clase de Automaquillaje de 3 horas","description":"\u00danete o crea tu grupo para una clase de automaquillaje de tres horas. Aprende t\u00e9cnicas personalizadas y disfruta maquill\u00e1ndote en Valencia.","robots":{"index":"index","follow":"follow","max-snippet":"max-snippet:-1","max-image-preview":"max-image-preview:large","max-video-preview":"max-video-preview:-1"},"canonical":"https:\/\/cristinagarciabeauty.es\/index.php\/clase-de-automaquillaje\/","og_locale":"es_ES","og_type":"article","og_title":"Clase de Automaquillaje de 3 horas","og_description":"\u00danete o crea tu grupo para una clase de automaquillaje de tres horas. Aprende t\u00e9cnicas personalizadas y disfruta maquill\u00e1ndote en Valencia.","og_url":"https:\/\/cristinagarciabeauty.es\/index.php\/clase-de-automaquillaje\/","og_site_name":"Cristina Garc\u00eda BEAUTY STUDIO","article_modified_time":"2026-04-14T21:54:22+00:00","og_image":[{"width":581,"height":810,"url":"https:\/\/cristinagarciabeauty.es\/wp-content\/uploads\/2020\/09\/brunch-gloss3.jpg","type":"image\/jpeg"}],"twitter_card":"summary_large_image","twitter_misc":{"Tiempo de lectura":"3 minutos"},"schema":{"@context":"https:\/\/schema.org","@graph":[{"@type":"WebPage","@id":"https:\/\/cristinagarciabeauty.es\/index.php\/clase-de-automaquillaje\/","url":"https:\/\/cristinagarciabeauty.es\/index.php\/clase-de-automaquillaje\/","name":"Clase de Automaquillaje de 3 horas","isPartOf":{"@id":"https:\/\/cristinagarciabeauty.es\/#website"},"primaryImageOfPage":{"@id":"https:\/\/cristinagarciabeauty.es\/index.php\/clase-de-automaquillaje\/#primaryimage"},"image":{"@id":"https:\/\/cristinagarciabeauty.es\/index.php\/clase-de-automaquillaje\/#primaryimage"},"thumbnailUrl":"https:\/\/cristinagarciabeauty.es\/wp-content\/uploads\/2020\/09\/brunch-gloss3.jpg","datePublished":"2019-06-04T10:43:23+00:00","dateModified":"2026-04-14T21:54:22+00:00","description":"\u00danete o crea tu grupo para una clase de automaquillaje de tres horas. Aprende t\u00e9cnicas personalizadas y disfruta maquill\u00e1ndote en Valencia.","breadcrumb":{"@id":"https:\/\/cristinagarciabeauty.es\/index.php\/clase-de-automaquillaje\/#breadcrumb"},"inLanguage":"es","potentialAction":[{"@type":"ReadAction","target":["https:\/\/cristinagarciabeauty.es\/index.php\/clase-de-automaquillaje\/"]}]},{"@type":"ImageObject","inLanguage":"es","@id":"https:\/\/cristinagarciabeauty.es\/index.php\/clase-de-automaquillaje\/#primaryimage","url":"https:\/\/cristinagarciabeauty.es\/wp-content\/uploads\/2020\/09\/brunch-gloss3.jpg","contentUrl":"https:\/\/cristinagarciabeauty.es\/wp-content\/uploads\/2020\/09\/brunch-gloss3.jpg","width":581,"height":810,"caption":"AUTOMAQUILLAJE-CRISTINA GARCIA BEAUTY"},{"@type":"BreadcrumbList","@id":"https:\/\/cristinagarciabeauty.es\/index.php\/clase-de-automaquillaje\/#breadcrumb","itemListElement":[{"@type":"ListItem","position":1,"name":"Portada","item":"https:\/\/cristinagarciabeauty.es\/"},{"@type":"ListItem","position":2,"name":"Clase de Automaquillaje Grupal"}]},{"@type":"WebSite","@id":"https:\/\/cristinagarciabeauty.es\/#website","url":"https:\/\/cristinagarciabeauty.es\/","name":"Cristina Garc\u00eda BEAUTY STUDIO","description":"Maquillaje Profesional en Valencia, Maquillaje y peinados de novias e invitadas, Micropigmentaci\u00f3n de cejas labios y eye liner en Valencia","publisher":{"@id":"https:\/\/cristinagarciabeauty.es\/#\/schema\/person\/fa15d7a15b93f1a0409ec4f3608432c8"},"alternateName":"Cristina Garcia BEAUTY","potentialAction":[{"@type":"SearchAction","target":{"@type":"EntryPoint","urlTemplate":"https:\/\/cristinagarciabeauty.es\/?s={search_term_string}"},"query-input":{"@type":"PropertyValueSpecification","valueRequired":true,"valueName":"search_term_string"}}],"inLanguage":"es"},{"@type":["Person","Organization"],"@id":"https:\/\/cristinagarciabeauty.es\/#\/schema\/person\/fa15d7a15b93f1a0409ec4f3608432c8","name":"admin","image":{"@type":"ImageObject","inLanguage":"es","@id":"https:\/\/cristinagarciabeauty.es\/wp-content\/uploads\/2024\/01\/cropped-LOGO-CRIS-BEAUTY-MICRO-e1705351270214.png","url":"https:\/\/cristinagarciabeauty.es\/wp-content\/uploads\/2024\/01\/cropped-LOGO-CRIS-BEAUTY-MICRO-e1705351270214.png","contentUrl":"https:\/\/cristinagarciabeauty.es\/wp-content\/uploads\/2024\/01\/cropped-LOGO-CRIS-BEAUTY-MICRO-e1705351270214.png","width":352,"height":253,"caption":"admin"},"logo":{"@id":"https:\/\/cristinagarciabeauty.es\/wp-content\/uploads\/2024\/01\/cropped-LOGO-CRIS-BEAUTY-MICRO-e1705351270214.png"},"sameAs":["http:\/\/cristinagarciabeauty.es"]}]}},"_links":{"self":[{"href":"https:\/\/cristinagarciabeauty.es\/index.php\/wp-json\/wp\/v2\/pages\/3749","targetHints":{"allow":["GET"]}}],"collection":[{"href":"https:\/\/cristinagarciabeauty.es\/index.php\/wp-json\/wp\/v2\/pages"}],"about":[{"href":"https:\/\/cristinagarciabeauty.es\/index.php\/wp-json\/wp\/v2\/types\/page"}],"author":[{"embeddable":true,"href":"https:\/\/cristinagarciabeauty.es\/index.php\/wp-json\/wp\/v2\/users\/2"}],"replies":[{"embeddable":true,"href":"https:\/\/cristinagarciabeauty.es\/index.php\/wp-json\/wp\/v2\/comments?post=3749"}],"version-history":[{"count":0,"href":"https:\/\/cristinagarciabeauty.es\/index.php\/wp-json\/wp\/v2\/pages\/3749\/revisions"}],"wp:featuredmedia":[{"embeddable":true,"href":"https:\/\/cristinagarciabeauty.es\/index.php\/wp-json\/wp\/v2\/media\/46313"}],"wp:attachment":[{"href":"https:\/\/cristinagarciabeauty.es\/index.php\/wp-json\/wp\/v2\/media?parent=3749"}],"curies":[{"name":"wp","href":"https:\/\/api.w.org\/{rel}","templated":true}]}}